South Meridian, Idaho

43° 33.05' N | 116° 21.16' W | 2687 feet | Show on map

Climate Summary for 2020

08/15/2020 04:33:00 AM MDT

Station:WeatherFlow
Software:WeeWX v3.9.2
Weewx uptime:3 days, 21 hours, 27 minutes
Server uptime:3 days, 21 hours, 27 minutes
                     CLIMATOLOGICAL SUMMARY FOR 2020


NAME: South Meridian, Idaho                  
ELEV: 2687 feet    LAT: 43-33.05 N    LONG: 116-21.16 W


                                       TEMPERATURE (°F)

                              HEAT    COOL                              MAX    MAX    MIN    MIN
          MEAN   MEAN         DEG     DEG                                >=     <=     <=     <=
 YR  MO   MAX    MIN    MEAN  DAYS    DAYS      HI  DAY     LOW  DAY     90     32     32      0
------------------------------------------------------------------------------------------------
2020 01   44.4   30.5   36.9  871.8    0.0    53.0   23    13.0   15      0      0     20      0
2020 02   47.4   27.2   36.3  832.7    0.0    62.3   28    19.9   20      0      0     24      0
2020 03   57.5   34.2   44.9  622.6    0.0    71.4   05    23.8   27      0      0     11      0
2020 04   69.1   38.7   52.9  371.6    5.0    92.2   29    25.6   02      1      0      7      0
2020 05   78.0   47.9   61.9  164.0   66.9   101.2   29    37.0   04      5      0      0      0
2020 06   83.3   53.8   67.4   79.9  150.1   102.0   05    42.4   07     11      0      0      0
2020 07   95.7   58.9   76.3    0.0  351.4   107.2   31    49.7   09     25      0      0      0
2020 08   92.3   59.3   76.1    5.4  158.2   102.4   01    51.1   08     11      0      0      0
2020 09
2020 10
2020 11
2020 12
------------------------------------------------------------------------------------------------
          69.6   42.9   55.3 2948.0  731.6   107.2  Jul    13.0  Jan     53      0     62      0


                  PRECIPITATION (in)

                  MAX         ---DAYS OF RAIN---
                  OBS.               OVER
 YR  MO  TOTAL    DAY  DATE   0.01   0.10   1.00
------------------------------------------------
2020 01   1.72   0.62    26     10      4      0
2020 02   0.49   0.41    16      3      1      0
2020 03   1.37   0.40    15     10      4      0
2020 04   0.99   0.42    30      7      2      0
2020 05   1.71   0.91    20     10      3      0
2020 06   3.25   1.39    13     12      7      1
2020 07   0.39   0.32    28      3      1      0
2020 08   0.00   0.00    01      0      0      0
2020 09
2020 10
2020 11
2020 12
------------------------------------------------
          9.92   1.39   Jun     55     22      1


           WIND SPEED (mph)

                                DOM
 YR  MO    AVG     HI   DATE    DIR
-----------------------------------
2020 01    1.7   29.2     04    209 
2020 02    2.3   41.0     23    262 
2020 03    2.0   30.6     07    256 
2020 04    2.0   29.4     11    258 
2020 05    1.7   27.6     06    241 
2020 06    1.6   22.1     07    257 
2020 07    1.2   20.2     23    255 
2020 08    1.2   13.3     03    261 
2020 09
2020 10
2020 11
2020 12
-----------------------------------
           1.8   41.0    Feb    254

Updated: 08/15/2020 04:33:00 AM