South Meridian, Idaho

43° 33.05' N | 116° 21.16' W | 2687 feet | Show on map

Climate Summary for August 2020

08/15/2020 04:05:00 AM MDT

Station:WeatherFlow
Software:WeeWX v3.9.2
Weewx uptime:3 days, 20 hours, 59 minutes
Server uptime:3 days, 20 hours, 58 minutes

                   MONTHLY CLIMATOLOGICAL SUMMARY FOR Aug 2020


NAME: South Meridian, Idaho (CW9009)                  
ELEV: 2687 feet    LAT: 43-33.05 N    LONG: 116-21.16 W


                   TEMPERATURE (°F), RAIN (in), WIND SPEED (mph)

                                         HEAT   COOL         AVG
      MEAN                               DEG    DEG          WIND                   DOM
DAY   TEMP   HIGH   TIME    LOW   TIME   DAYS   DAYS   RAIN  SPEED   HIGH   TIME    DIR
---------------------------------------------------------------------------------------
 01   82.8  102.4  19:04   64.4  06:46    0.0   17.8   0.00    0.8    8.4  11:01    262
 02   81.2  102.2  18:14   63.1  06:18    0.0   16.2   0.00    0.9   10.7  16:19    261
 03   80.4   97.1  18:34   68.0  07:27    0.0   15.4   0.00    2.4   13.3  10:06    260
 04   77.9   96.2  19:29   60.5  07:09    0.0   12.9   0.00    1.3   10.1  18:01    265
 05   79.0   99.3  15:52   58.7  07:01    0.0   14.0   0.00    1.1   12.3  20:35    267
 06   81.1   94.0  17:42   68.6  07:32    0.0   16.1   0.00    1.7   11.1  19:12    261
 07   69.2   84.6  20:18   55.5  07:41    0.0    4.2   0.00    2.3   12.8  15:37    258
 08   70.9   92.7  18:31   51.1  07:01    0.0    5.9   0.00    0.9    9.3  18:42    246
 09   73.5   89.4  19:02   58.2  07:15    0.0    8.5   0.00    1.6   11.5  18:14    259
 10   74.5   92.8  19:16   60.2  07:20    0.0    9.5   0.00    1.6    9.5  01:28    265
 11   77.1   98.9  16:22   55.6  07:10    0.0   12.1   0.00    0.5    7.8  11:18    228
 12   76.4   86.9  19:08   62.6  07:23    0.0   11.4   0.00    0.9    7.5  15:44    263
 13   72.6   91.4  17:39   54.3  07:12    0.0    7.6   0.00    0.7    8.6  18:17    262
 14   71.6   91.0  18:53   52.8  07:25    0.0    6.6   0.00    0.8   11.6  17:00    263
 15   60.0   64.9  00:00   56.2  04:04    5.0    0.0   0.00    0.4    2.8  00:25    114
 16
 17
 18
 19
 20
 21
 22
 23
 24
 25
 26
 27
 28
 29
 30
 31
---------------------------------------------------------------------------------------
      76.1  102.4     01   51.1     08    5.0  158.2   0.00    1.2   13.3     03    261
    
Updated: 08/15/2020 04:05:00 AM