South Meridian, Idaho

43° 33.05' N | 116° 21.16' W | 2687 feet | Show on map

Climate Summary for June 2020

09/26/2020 11:29:00 PM MDT

Station:WeatherFlow
Software:WeeWX v3.9.2
Weewx uptime:34 days, 3 hours, 15 minutes
Server uptime:46 days, 16 hours, 22 minutes

                   MONTHLY CLIMATOLOGICAL SUMMARY FOR Jun 2020


NAME: South Meridian, Idaho (CW9009)                  
ELEV: 2687 feet    LAT: 43-33.05 N    LONG: 116-21.16 W


                   TEMPERATURE (°F), RAIN (in), WIND SPEED (mph)

                                         HEAT   COOL         AVG
      MEAN                               DEG    DEG          WIND                   DOM
DAY   TEMP   HIGH   TIME    LOW   TIME   DAYS   DAYS   RAIN  SPEED   HIGH   TIME    DIR
---------------------------------------------------------------------------------------
 01   67.4   77.2  16:06   59.4  06:33    0.0    2.4   0.00    1.5   12.6  11:31    258
 02   70.7   92.2  17:58   51.6  06:37    0.0    5.7   0.00    0.9    8.7  10:41    246
 03   73.1   88.3  20:22   60.0  06:58    0.0    8.1   0.00    1.2    9.2  07:38    257
 04   71.1   86.5  18:37   57.5  06:18    0.0    6.1   0.00    1.5   11.1  11:06    254
 05   75.4  102.0  19:07   55.1  04:28    0.0   10.4   0.00    1.5   17.7  22:38    213
 06   62.1   72.5  16:24   51.4  23:59    2.9    0.0   0.09    2.0   14.1  01:02    249
 07   49.4   57.4  17:32   42.4  08:16   15.6    0.0   0.63    3.0   22.1  05:17    216
 08   56.0   70.6  18:53   46.3  02:51    9.0    0.0   0.07    1.9   13.8  11:15    243
 09   63.2   84.8  19:15   47.9  04:31    1.8    0.0   0.01    1.2   13.4  21:47    148
 10   70.0   92.9  19:00   50.5  06:38    0.0    5.0   0.00    1.0    8.3  01:04    218
 11   75.6   94.4  19:38   57.1  06:10    0.0   10.6   0.00    1.2    8.8  13:08    179
 12   75.8   92.1  17:21   59.7  06:41    0.0   10.8   0.25    1.4   14.5  22:22    271
 13   58.9   70.9  00:00   51.8  23:59    6.1    0.0   1.39    2.7   16.2  01:54    292
 14   59.7   75.8  19:40   47.0  06:24    5.3    0.0   0.01    2.1   11.7  13:39    280
 15   56.5   62.5  12:39   50.0  02:37    8.5    0.0   0.04    1.3   13.0  14:22    189
 16   55.9   65.0  19:32   51.2  02:26    9.1    0.0   0.14    2.5   20.1  17:32    265
 17   58.2   73.1  18:57   48.2  08:49    6.8    0.0   0.13    2.4   14.2  13:12    257
 18   64.2   82.2  18:39   45.2  06:23    0.8    0.0   0.00    1.3   10.6  17:56    270
 19   69.1   89.6  18:22   50.0  06:32    0.0    4.1   0.00    0.9   10.4  14:07    269
 20   72.2   90.5  18:00   55.0  06:28    0.0    7.2   0.00    1.0    8.8  16:26    250
 21   74.3   88.1  19:10   61.9  06:41    0.0    9.3   0.00    2.1   13.7  14:05    265
 22   73.4   90.1  18:54   57.1  06:48    0.0    8.4   0.00    1.7   11.6  15:35    268
 23   77.2  100.4  18:10   56.8  06:25    0.0   12.2   0.00    1.0    9.2  11:12    261
 24   79.3   99.1  16:53   60.4  06:00    0.0   14.3   0.00    1.5   11.5  23:20    259
 25   77.5   93.2  20:05   64.0  06:05    0.0   12.5   0.00    2.0   13.4  17:33    268
 26   78.9   99.1  17:44   59.8  06:52    0.0   13.9   0.00    0.9   10.6  18:26    247
 27   74.1   88.1  17:11   60.9  06:02    0.0    9.1   0.00    1.5   10.8  14:53    253
 28   61.3   71.8  17:50   52.1  23:59    3.7    0.0   0.03    2.5   18.8  16:31    257
 29   54.7   63.5  18:49   49.5  06:49   10.3    0.0   0.38    1.9   11.8  03:22    255
 30   65.2   84.2  19:01   53.1  00:27    0.0    0.2   0.10    1.0    9.0  11:40    196
---------------------------------------------------------------------------------------
      67.4  102.0     05   42.4     07   79.9  150.1   3.25    1.6   22.1     07    257
    
Updated: 07/01/2020 12:00:00 AM