South Meridian, Idaho

43° 33.05' N | 116° 21.16' W | 2687 feet | Show on map

Climate Summary for May 2020

08/15/2020 05:45:00 AM MDT

Station:WeatherFlow
Software:WeeWX v3.9.2
Weewx uptime:3 days, 22 hours, 39 minutes
Server uptime:3 days, 22 hours, 39 minutes

                   MONTHLY CLIMATOLOGICAL SUMMARY FOR May 2020


NAME: South Meridian, Idaho (CW9009)                  
ELEV: 2687 feet    LAT: 43-33.05 N    LONG: 116-21.16 W


                   TEMPERATURE (°F), RAIN (in), WIND SPEED (mph)

                                         HEAT   COOL         AVG
      MEAN                               DEG    DEG          WIND                   DOM
DAY   TEMP   HIGH   TIME    LOW   TIME   DAYS   DAYS   RAIN  SPEED   HIGH   TIME    DIR
---------------------------------------------------------------------------------------
 01   58.0   76.1  18:10   43.3  07:26    7.0    0.0   0.00    1.5    8.6  01:34    249
 02   64.3   84.7  17:11   46.1  05:05    0.7    0.0   0.00    1.9   11.0  09:11    216
 03   56.7   65.9  18:30   46.2  07:25    8.3    0.0   0.00    3.2   23.8  09:10    252
 04   56.0   74.6  19:07   37.0  07:02    9.0    0.0   0.00    1.1   10.0  09:38    242
 05   65.8   87.0  17:35   47.4  02:08    0.0    0.8   0.00    1.9   14.7  13:59    121
 06   58.6   65.1  18:05   47.8  23:59    6.4    0.0   0.01    2.7   27.6  09:41    251
 07   53.6   72.0  18:49   37.1  07:04   11.4    0.0   0.00    1.9   16.8  13:13    259
 08   57.7   77.7  18:44   37.9  06:58    7.3    0.0   0.00    1.5   13.3  17:31    262
 09   66.0   90.2  19:06   47.1  07:08    0.0    1.0   0.00    1.3    8.6  09:53    127
 10   67.5   90.8  16:33   46.9  05:40    0.0    2.5   0.00    1.4    9.6  09:06    147
 11   70.0   88.8  17:18   52.4  06:47    0.0    5.0   0.00    1.4   11.8  22:03    229
 12   62.8   71.7  14:23   52.1  23:59    2.2    0.0   0.01    1.4    9.3  12:10    259
 13   55.3   71.6  20:19   44.4  05:57    9.7    0.0   0.04    1.3   12.1  10:59    260
 14   56.2   70.1  20:07   48.9  07:51    8.8    0.0   0.26    1.3   15.2  23:11    137
 15   56.5   70.8  18:08   44.6  06:26    8.5    0.0   0.00    2.1   14.0  13:23    230
 16   59.9   77.9  19:34   41.3  05:49    5.1    0.0   0.00    2.0   12.5  16:56    123
 17   64.9   84.1  17:05   56.1  00:45    0.1    0.0   0.05    1.4   11.3  20:01    248
 18   55.2   60.5  00:00   50.7  23:49    9.8    0.0   0.12    2.0   13.0  12:03    210
 19   51.9   59.4  16:13   45.2  06:25   13.1    0.0   0.08    1.5   13.9  20:29    255
 20   49.0   54.7  17:46   45.8  08:37   16.0    0.0   0.91    2.8   13.6  16:43    304
 21   54.3   67.2  16:31   47.3  06:50   10.7    0.0   0.07    1.3   15.2  16:52    255
 22   51.9   63.7  17:46   44.0  06:46   13.1    0.0   0.00    2.7   16.0  16:47    253
 23   54.2   69.3  18:50   39.5  05:58   10.8    0.0   0.00    2.6   18.8  16:59    259
 24   58.8   78.0  18:43   40.4  06:23    6.2    0.0   0.00    1.3   13.5  16:51    260
 25   65.3   87.9  17:17   44.2  06:28    0.0    0.3   0.00    0.9    9.7  22:36    223
 26   69.0   86.1  21:05   58.9  07:04    0.0    4.0   0.06    1.5   14.2  17:38    260
 27   69.7   88.0  18:52   52.0  06:22    0.0    4.7   0.00    1.4    9.4  15:53    256
 28   75.5   99.8  19:26   51.4  06:29    0.0   10.5   0.00    1.0    9.9  10:12    137
 29   80.9  101.2  17:30   61.6  06:38    0.0   15.9   0.00    0.9    7.2  10:08    216
 30   81.3   99.9  14:09   68.8  06:24    0.0   16.3   0.01    2.3   16.4  13:45    136
 31   70.9   84.9  16:46   59.2  06:40    0.0    5.9   0.09    1.7   13.4  02:44    261
---------------------------------------------------------------------------------------
      61.9  101.2     29   37.0     04  164.0   66.9   1.71    1.7   27.6     06    241
    
Updated: 06/01/2020 12:00:00 AM