South Meridian, Idaho

43° 33.05' N | 116° 21.16' W | 2687 feet | Show on map

Climate Summary for April 2020

08/15/2020 05:36:00 AM MDT

Station:WeatherFlow
Software:WeeWX v3.9.2
Weewx uptime:3 days, 22 hours, 30 minutes
Server uptime:3 days, 22 hours, 30 minutes

                   MONTHLY CLIMATOLOGICAL SUMMARY FOR Apr 2020


NAME: South Meridian, Idaho (CW9009)                  
ELEV: 2687 feet    LAT: 43-33.05 N    LONG: 116-21.16 W


                   TEMPERATURE (°F), RAIN (in), WIND SPEED (mph)

                                         HEAT   COOL         AVG
      MEAN                               DEG    DEG          WIND                   DOM
DAY   TEMP   HIGH   TIME    LOW   TIME   DAYS   DAYS   RAIN  SPEED   HIGH   TIME    DIR
---------------------------------------------------------------------------------------
 01   38.8   49.4  15:18   31.0  07:59   26.2    0.0   0.00    3.0   18.9  15:39    267
 02   37.6   51.5  16:33   25.6  07:42   27.4    0.0   0.00    2.6   20.6  15:42    271
 03   42.1   59.1  16:25   27.0  07:43   22.9    0.0   0.00    2.0   13.2  18:01    269
 04   44.9   63.4  17:58   27.1  07:42   20.1    0.0   0.03    2.4   25.5  20:22    201
 05   50.5   65.7  14:09   42.7  04:24   14.5    0.0   0.05    1.7   12.9  15:09    126
 06   51.9   66.9  18:47   40.8  07:58   13.1    0.0   0.00    1.5   13.7  11:49    266
 07   51.1   69.4  17:35   36.6  07:17   13.9    0.0   0.00    1.0   14.9  15:50    260
 08   53.9   73.8  17:37   36.2  07:17   11.1    0.0   0.00    1.7   14.5  13:56    266
 09   55.6   75.7  17:49   37.1  07:25    9.4    0.0   0.00    1.2   11.6  18:44    266
 10   58.4   73.2  18:02   42.4  07:38    6.6    0.0   0.00    1.7   13.9  18:18    257
 11   54.9   65.6  15:41   45.2  23:58   10.1    0.0   0.00    4.5   29.4  19:30    261
 12   44.6   56.0  16:17   32.3  07:39   20.4    0.0   0.00    3.5   23.3  14:32    261
 13   41.9   55.6  19:36   26.6  07:35   23.1    0.0   0.00    2.5   17.7  12:56    263
 14   43.4   64.1  18:48   29.2  07:42   21.6    0.0   0.00    1.5   13.9  14:39    273
 15   52.0   63.3  16:17   44.9  22:39   13.0    0.0   0.02    3.3   24.9  15:20    256
 16   47.3   63.1  18:03   36.8  07:13   17.7    0.0   0.00    2.1   14.9  00:35    240
 17   50.5   72.8  17:50   30.6  07:28   14.5    0.0   0.01    1.4   10.0  13:49    116
 18   52.3   72.1  14:55   32.1  07:22   12.7    0.0   0.00    1.2    9.7  15:36    232
 19   55.8   71.4  17:39   40.7  06:54    9.2    0.0   0.00    2.1   16.6  14:06    260
 20   56.7   75.6  18:11   37.6  06:43    8.3    0.0   0.00    1.2   10.7  16:10    260
 21   57.4   76.1  17:32   39.3  07:12    7.6    0.0   0.00    1.9   18.8  18:26    263
 22   55.8   72.7  15:48   42.9  07:21    9.2    0.0   0.03    2.1   17.7  18:50    256
 23   55.1   65.5  17:22   49.1  23:59    9.9    0.0   0.37    3.4   23.0  12:21    261
 24   54.8   71.7  17:59   38.5  07:20   10.2    0.0   0.00    1.1    9.5  15:56    248
 25   60.2   80.5  18:31   41.1  07:14    4.8    0.0   0.00    1.2   13.1  23:45    134
 26   62.7   78.8  18:41   50.3  07:31    2.3    0.0   0.00    1.8   11.2  10:15    256
 27   60.2   75.2  17:27   51.7  10:00    4.8    0.0   0.05    1.3   15.8  09:20    234
 28   61.2   79.5  17:51   44.5  07:06    3.8    0.0   0.00    1.2   10.5  12:16    259
 29   70.0   92.2  16:32   50.6  02:41    0.0    5.0   0.01    1.8   14.4  13:03    120
 30   62.0   73.5  13:20   51.1  23:59    3.0    0.0   0.42    2.7   28.2  14:19    268
---------------------------------------------------------------------------------------
      52.9   92.2     29   25.6     02  371.6    5.0   0.99    2.0   29.4     11    258
    
Updated: 05/01/2020 12:00:00 AM