South Meridian, Idaho

43° 33.05' N | 116° 21.16' W | 2687 feet | Show on map

Climate Summary for February 2020

02/28/2020 01:57:00 AM MST

Station:WeatherFlow
Software:WeeWX v3.8.2
Weewx uptime:39 Days, 9 Hours, 5 Minutes
Server uptime:39 Days, 9 Hours, 5 Minutes

                   MONTHLY CLIMATOLOGICAL SUMMARY FOR Feb 2020


NAME: South Meridian, Idaho (CW9009)                  
ELEV: 2687 feet    LAT: 43-33.05 N    LONG: 116-21.16 W


                   TEMPERATURE (°F), RAIN (in), WIND SPEED (mph)

                                         HEAT   COOL         AVG
      MEAN                               DEG    DEG          WIND                   DOM
DAY   TEMP   HIGH   TIME    LOW   TIME   DAYS   DAYS   RAIN  SPEED   HIGH   TIME    DIR
---------------------------------------------------------------------------------------
 01   43.8   53.9  15:48   37.0  05:05   21.2    0.0   0.00    1.7   19.4  11:10    135
 02   32.9   38.4  00:00   26.7  23:36   32.1    0.0   0.00    3.7   15.4  13:57    266
 03   29.9   37.5  14:35   25.3  23:59   35.1    0.0   0.00    4.7   25.5  14:36    269
 04   28.5   36.5  14:18   21.4  07:32   36.5    0.0   0.00    2.7   13.6  14:31    265
 05   33.0   38.2  13:28   29.9  05:57   32.0    0.0   0.02    1.0    6.0  20:37    275
 06   39.0   45.5  14:06   32.3  00:40   26.0    0.0   0.06    0.9   11.2  10:43    293
 07   49.3   56.8  15:37   43.5  23:05   15.7    0.0   0.00    3.7   20.5  13:47    262
 08   40.4   45.7  01:08   32.4  23:47   24.6    0.0   0.00    3.1   22.2  16:52    262
 09   35.6   45.6  15:38   28.3  07:48   29.4    0.0   0.00    2.7   14.5  14:26    266
 10   34.5   46.4  15:37   24.4  07:31   30.5    0.0   0.00    2.6   20.9  14:02    267
 11   34.2   47.6  15:08   23.6  07:06   30.8    0.0   0.00    1.3    7.7  12:19    275
 12   36.3   48.8  15:24   27.9  06:54   28.7    0.0   0.00    2.8   17.8  14:27    264
 13   38.1   53.3  14:32   25.2  05:39   26.9    0.0   0.00    2.2   16.5  23:55    132
 14   38.1   47.9  14:56   28.9  23:42   26.9    0.0   0.00    3.0   18.7  13:46    261
 15   38.5   47.3  13:59   28.9  00:24   26.5    0.0   0.00    0.9    9.1  15:43    265
 16   38.9   46.6  15:14   30.1  23:59   26.1    0.0   0.41    1.7   15.5  18:00    268
 17   32.7   42.7  15:17   25.1  04:45   32.3    0.0   0.00    2.4   14.6  13:54    272
 18   30.1   42.8  14:50   20.6  06:37   34.9    0.0   0.00    2.0    8.9  11:52    254
 19   29.8   42.7  14:44   20.0  06:30   35.2    0.0   0.00    2.2   11.1  13:59    199
 20   30.0   45.7  15:34   19.9  07:49   35.0    0.0   0.00    2.5   15.3  16:51    170
 21   32.2   44.7  16:10   23.0  08:06   32.8    0.0   0.00    1.8    7.7  13:55    273
 22   35.0   49.7  15:10   23.9  07:24   30.0    0.0   0.00    1.6   10.1  16:15    274
 23   39.7   58.3  15:38   26.2  02:32   25.3    0.0   0.00    3.1   41.0  17:49    251
 24   35.8   44.4  14:44   27.0  08:02   29.2    0.0   0.00    3.5   22.6  15:44    265
 25   32.9   47.2  14:32   20.9  07:40   32.1    0.0   0.00    1.7    7.4  14:32    268
 26   37.7   52.6  14:54   26.9  06:42   27.3    0.0   0.00    1.4    9.8  15:41    275
 27   38.7   55.5  16:15   24.8  07:38   26.3    0.0   0.00    1.4    8.7  10:00    273
 28   31.3   34.3  00:00   30.0  01:54   33.7    0.0   0.00    1.6    3.7  01:50    289
 29
---------------------------------------------------------------------------------------
      35.7   58.3     23   19.9     20  823.0    0.0   0.49    2.3   41.0     23    263
    
Updated: 02/28/2020 01:57:00 AM