South Meridian, Idaho

43° 33.05' N | 116° 21.16' W | 2687 feet | Show on map

Climate Summary for December 2019

06/01/2020 06:47:00 PM MDT

Station:WeatherFlow
Software:WeeWX v3.9.2
Weewx uptime:2 days, 22 hours, 11 minutes
Server uptime:2 days, 22 hours, 11 minutes

                   MONTHLY CLIMATOLOGICAL SUMMARY FOR Dec 2019


NAME: South Meridian, Idaho (CW9009)                  
ELEV: 2687 feet    LAT: 43-33.05 N    LONG: 116-21.16 W


                   TEMPERATURE (°F), RAIN (in), WIND SPEED (mph)

                                         HEAT   COOL         AVG
      MEAN                               DEG    DEG          WIND                   DOM
DAY   TEMP   HIGH   TIME    LOW   TIME   DAYS   DAYS   RAIN  SPEED   HIGH   TIME    DIR
---------------------------------------------------------------------------------------
 01   29.3   34.2  15:34   18.7  00:59   35.7    0.0   0.00    2.2   12.8  10:00    130
 02   34.3   37.8  12:58   32.3  04:11   30.7    0.0   0.00    0.4    3.9  15:28    299
 03   36.2   39.9  14:07   33.3  02:01   28.8    0.0   0.01    0.9    5.2  12:29    323
 04   37.6   45.0  14:19   31.9  23:45   27.4    0.0   0.00    1.1   13.8  11:30    254
 05   35.9   40.9  15:10   31.3  02:24   29.1    0.0   0.00    0.5    7.5  19:36    301
 06   40.9   49.3  15:47   36.7  23:07   24.1    0.0   0.00    2.3   15.7  12:11    123
 07   44.9   53.5  13:58   37.1  01:08   20.1    0.0   0.06    2.7   15.4  12:53    120
 08   43.4   46.5  14:19   39.2  23:59   21.6    0.0   0.13    1.5   11.9  13:36    263
 09   36.8   44.4  14:01   29.3  23:59   28.2    0.0   0.00    1.4   12.7  14:08    266
 10   32.9   44.7  13:44   24.6  05:56   32.1    0.0   0.00    1.5   10.7  15:18    262
 11   38.1   42.6  14:52   32.1  01:01   26.9    0.0   0.03    1.0   10.2  04:13    160
 12   42.8   48.3  14:55   40.1  21:44   22.2    0.0   0.30    0.9   12.5  00:40    140
 13   37.6   41.2  13:08   35.2  06:32   27.4    0.0   0.03    0.6    9.7  14:01    273
 14   36.2   42.0  13:57   29.7  23:50   28.8    0.0   0.02    2.1   13.2  13:17    266
 15   31.5   38.2  15:20   26.3  07:27   33.5    0.0   0.00    1.6    8.1  14:32    273
 16   26.6   36.2  13:48   19.5  08:14   38.4    0.0   0.00    1.7    6.3  13:17    263
 17   25.4   35.2  14:37   19.1  08:08   39.6    0.0   0.00    2.4   13.9  13:34    125
 18   28.2   33.5  16:04   22.7  04:29   36.8    0.0   0.00    1.4    6.7  12:00    269
 19   38.6   44.3  15:30   29.9  00:05   26.4    0.0   0.01    2.6   17.2  21:29    120
 20   43.2   49.4  13:13   39.5  07:18   21.8    0.0   0.00    3.5   15.9  21:03    128
 21   40.6   45.3  15:01   37.7  23:48   24.4    0.0   0.00    2.6   15.4  08:25    135
 22   44.5   58.6  14:09   36.9  05:43   20.5    0.0   0.00    2.6   16.8  06:36    129
 23   42.3   46.5  14:14   39.6  23:55   22.7    0.0   0.01    1.3   11.3  01:55    266
 24   35.4   39.9  15:37   28.7  23:59   29.6    0.0   0.00    1.0    5.9  13:45    278
 25   31.8   36.1  15:58   26.0  02:37   33.2    0.0   0.00    1.4    4.9  04:33    275
 26   33.5   35.9  15:21   32.2  23:57   31.5    0.0   0.00    0.7    5.1  19:56    251
 27   31.9   36.7  13:21   25.6  23:59   33.1    0.0   0.00    1.4    7.5  00:25    251
 28   30.7   38.2  15:31   24.5  01:19   34.3    0.0   0.00    1.8   14.7  15:17    271
 29   31.0   34.9  15:30   28.0  04:25   34.0    0.0   0.00    1.3    7.4  05:47    121
 30   32.7   36.5  15:33   30.3  02:26   32.3    0.0   0.00    0.7    6.5  00:04    206
 31   37.0   42.8  15:03   32.3  00:59   28.0    0.0   0.05    1.5   14.1  19:20    128
---------------------------------------------------------------------------------------
      35.8   58.6     22   18.7     01  903.2    0.0   0.63    1.5   17.2     19    220
    
Updated: 04/08/2020 12:15:00 AM