South Meridian, Idaho

43° 33.05' N | 116° 21.16' W | 2687 feet | Show on map

Climate Summary for November 2019

06/01/2020 06:37:00 PM MDT

Station:WeatherFlow
Software:WeeWX v3.9.2
Weewx uptime:2 days, 22 hours, 1 minute
Server uptime:2 days, 22 hours, 1 minute

                   MONTHLY CLIMATOLOGICAL SUMMARY FOR Nov 2019


NAME: South Meridian, Idaho (CW9009)                  
ELEV: 2687 feet    LAT: 43-33.05 N    LONG: 116-21.16 W


                   TEMPERATURE (°F), RAIN (in), WIND SPEED (mph)

                                         HEAT   COOL         AVG
      MEAN                               DEG    DEG          WIND                   DOM
DAY   TEMP   HIGH   TIME    LOW   TIME   DAYS   DAYS   RAIN  SPEED   HIGH   TIME    DIR
---------------------------------------------------------------------------------------
 01   31.9   48.4  15:29   19.3  07:22   33.1    0.0   0.00    1.8   10.0  14:01    267
 02   33.3   50.9  15:05   20.1  08:05   31.7    0.0   0.00    1.8    7.5  12:08    275
 03   35.5   50.7  15:02   24.4  05:42   29.5    0.0   0.00    1.6    7.5  15:11    273
 04   39.9   57.2  15:19   27.3  07:51   25.1    0.0   0.00    1.2    6.9  09:58    275
 05   41.1   58.7  14:56   28.9  04:34   23.9    0.0   0.00    0.9    5.4  13:06    274
 06   40.0   55.8  16:06   27.9  07:54   25.0    0.0   0.00    1.5    9.6  12:43    269
 07   41.0   55.1  13:47   31.2  07:51   24.0    0.0   0.00    1.1   11.3  11:00    223
 08   39.7   57.7  14:24   27.6  06:02   25.3    0.0   0.00    1.2    7.3  10:30    274
 09   39.1   53.9  14:13   26.6  07:04   25.9    0.0   0.00    1.1    7.0  15:16    275
 10   46.0   59.8  15:35   33.9  00:00   19.0    0.0   0.00    1.3   10.9  15:28    263
 11   41.1   54.2  14:52   31.1  08:10   23.9    0.0   0.00    1.7   14.7  13:57    137
 12   39.9   50.8  12:35   29.4  07:19   25.1    0.0   0.00    1.3    8.9  13:40    227
 13   40.3   54.1  15:23   31.5  06:21   24.7    0.0   0.00    0.9    6.8  13:20    269
 14   41.1   56.3  13:33   30.1  07:11   23.9    0.0   0.00    1.0    8.8  12:37    259
 15   45.0   59.3  15:05   33.9  03:00   20.0    0.0   0.00    0.5    7.0  15:36    250
 16   44.4   53.6  14:30   35.0  23:49   20.6    0.0   0.00    1.6   10.9  11:56    265
 17   42.6   59.0  14:29   30.0  06:42   22.4    0.0   0.00    0.8    5.1  20:45    279
 18   44.0   57.9  13:34   34.0  04:58   21.0    0.0   0.00    0.7    8.1  09:52    261
 19   44.6   53.6  14:10   36.8  23:18   20.4    0.0   0.01    1.5   16.3  07:34    266
 20   41.2   55.0  15:20   32.3  08:22   23.8    0.0   0.00    2.4   13.0  01:22    265
 21   33.3   46.5  14:56   23.6  07:42   31.7    0.0   0.00    1.6    7.9  14:09    278
 22   32.2   46.4  13:52   22.3  07:30   32.8    0.0   0.00    1.7    8.1  13:40    278
 23   33.0   47.4  14:52   21.5  05:35   32.0    0.0   0.00    1.5    6.9  12:49    279
 24   33.8   44.7  15:37   24.7  06:01   31.2    0.0   0.00    1.5    6.9  12:22    277
 25   33.8   43.9  13:44   28.6  03:16   31.2    0.0   0.00    3.2   20.2  13:24    269
 26   30.8   38.7  13:53   19.5  07:59   34.2    0.0   0.00    2.7   18.9  19:09    158
 27   37.5   45.1  13:41   31.2  23:59   27.5    0.0   0.00    3.8   24.2  12:32    117
 28   33.2   42.1  13:58   26.4  03:56   31.8    0.0   0.00    1.5    5.4  13:00    280
 29   30.2   36.9  14:13   26.8  23:59   34.8    0.0   0.00    2.8   11.9  13:53    275
 30   26.1   35.7  14:04   18.0  08:12   38.9    0.0   0.00    2.1    7.0  22:58    274
---------------------------------------------------------------------------------------
      37.8   59.8     10   18.0     30  814.4    0.0   0.01    1.6   24.2     27    267
    
Updated: 04/08/2020 12:15:00 AM