South Meridian, Idaho

43° 33.05' N | 116° 21.16' W | 2687 feet | Show on map

Climate Summary for August 2019

06/01/2020 09:20:00 PM MDT

Station:WeatherFlow
Software:WeeWX v3.9.2
Weewx uptime:3 days, 0 hours, 44 minutes
Server uptime:3 days, 0 hours, 44 minutes

                   MONTHLY CLIMATOLOGICAL SUMMARY FOR Aug 2019


NAME: South Meridian, Idaho (CW9009)                  
ELEV: 2687 feet    LAT: 43-33.05 N    LONG: 116-21.16 W


                   TEMPERATURE (°F), RAIN (in), WIND SPEED (mph)

                                         HEAT   COOL         AVG
      MEAN                               DEG    DEG          WIND                   DOM
DAY   TEMP   HIGH   TIME    LOW   TIME   DAYS   DAYS   RAIN  SPEED   HIGH   TIME    DIR
---------------------------------------------------------------------------------------
 01   80.5  101.7  19:04   61.2  07:09    0.0   15.5   0.00    1.2    9.3  18:38    260
 02   81.9   99.0  19:03   66.9  07:41    0.0   16.9   0.00    1.5   10.1  16:05    263
 03   80.0   99.3  17:32   62.7  07:19    0.0   15.0   0.00    1.7   10.8  18:22    267
 04   79.9  103.1  18:43   61.3  07:04    0.0   14.9   0.00    1.0    7.3  11:21    268
 05   81.8  101.8  17:38   63.0  06:30    0.0   16.8   0.00    1.2    6.9  19:03    260
 06   82.4  100.6  16:55   67.8  03:55    0.0   17.4   0.00    1.3   10.8  17:05    263
 07   81.8   99.4  18:48   66.1  06:37    0.0   16.8   0.00    0.9   12.1  15:03    255
 08   75.8   86.8  16:41   67.4  04:55    0.0   10.8   0.02    1.2   12.1  12:18    150
 09   76.9   97.1  15:50   63.5  07:29    0.0   11.9   0.13    1.6   12.8  20:49    216
 10   69.6   85.9  19:00   59.4  07:17    0.0    4.6   0.12    2.2   17.7  21:54    260
 11   68.5   82.2  18:53   57.2  06:52    0.0    3.5   0.00    1.7   11.6  15:12    268
 12   69.4   87.4  18:35   52.8  07:15    0.0    4.4   0.00    1.2    9.6  13:27    246
 13   72.6   91.1  17:17   54.7  06:37    0.0    7.6   0.00    1.2    9.7  18:18    256
 14   75.8   96.9  18:07   57.0  07:15    0.0   10.8   0.00    1.1    9.5  15:33    252
 15   75.9   91.4  16:59   59.3  07:27    0.0   10.9   0.00    1.7   11.3  14:18    261
 16   72.9   89.7  17:18   56.7  07:15    0.0    7.9   0.00    1.4   10.9  15:39    258
 17   70.3   88.0  17:18   52.6  07:23    0.0    5.3   0.02    1.2    9.7  11:34    239
 18   74.9   97.2  19:45   54.4  07:16    0.0    9.9   0.00    0.9    7.5  16:35    178
 19   77.5   95.7  18:49   59.0  07:07    0.0   12.5   0.00    1.1   10.5  14:24    237
 20   77.9   99.5  19:41   58.7  07:10    0.0   12.9   0.00    1.1    9.3  09:39    259
 21   78.5   98.1  18:14   60.7  07:29    0.0   13.5   0.00    1.3   16.0  21:44    255
 22   73.7   83.7  17:57   62.4  07:34    0.0    8.7   0.03    3.5   17.9  10:15    264
 23   71.2   89.5  17:50   53.3  07:27    0.0    6.2   0.00    1.3    8.9  13:04    264
 24   75.7   97.2  17:38   55.4  07:24    0.0   10.7   0.00    0.7    9.4  15:02    225
 25   71.9   86.1  18:51   56.1  07:33    0.0    6.9   0.00    1.8   11.5  10:50    260
 26   68.2   85.3  17:43   52.0  06:22    0.0    3.2   0.00    1.7   11.2  12:53    262
 27   69.4   91.2  18:16   49.9  07:19    0.0    4.4   0.00    1.3    8.1  15:38    254
 28   73.2   97.8  17:07   51.5  06:59    0.0    8.2   0.00    0.8    7.7  10:42    218
 29   78.7   95.5  18:32   64.9  05:44    0.0   13.7   0.00    1.5   14.1  21:55    264
 30   75.9   91.4  17:33   60.9  07:00    0.0   10.9   0.00    1.6   13.4  14:04    263
 31   77.4   97.0  16:30   59.2  07:31    0.0   12.4   0.00    0.7    5.8  09:28    175
---------------------------------------------------------------------------------------
      75.5  103.1     04   49.9     27    0.0  325.2   0.33    1.4   17.9     22    258
    
Updated: 04/08/2020 12:15:00 AM