South Meridian, Idaho

43° 33.05' N | 116° 21.16' W | 2687 feet | Show on map

Climate Summary for July 2019

08/20/2019 03:31:00 PM MDT

Station:WeatherFlow
Software:WeeWX v3.8.2
Weewx uptime:42 Days, 20 Hours, 47 Minutes
Server uptime:42 Days, 20 Hours, 45 Minutes

                   MONTHLY CLIMATOLOGICAL SUMMARY FOR Jul 2019


NAME: South Meridian, Idaho (CW9009)                  
ELEV: 2687 feet    LAT: 43-33.05 N    LONG: 116-21.16 W


                   TEMPERATURE (°F), RAIN (in), WIND SPEED (mph)

                                         HEAT   COOL         AVG
      MEAN                               DEG    DEG          WIND                   DOM
DAY   TEMP   HIGH   TIME    LOW   TIME   DAYS   DAYS   RAIN  SPEED   HIGH   TIME    DIR
---------------------------------------------------------------------------------------
 01   75.2   96.8  19:15   53.8  06:42    0.0   10.2   0.00    1.2    9.7  23:53    258
 02   73.3   87.5  18:18   59.1  06:49    0.0    8.3   0.00    2.6   17.9  15:01    263
 03   68.9   82.3  18:33   56.0  06:46    0.0    3.9   0.01    2.7   13.8  03:16    266
 04   70.1   89.5  17:19   53.7  06:24    0.0    5.1   0.00    1.3   10.6  18:50    261
 05   76.4  100.0  17:36   52.7  06:39    0.0   11.4   0.00    1.1    9.0  13:25    123
 06   81.1   93.1  18:47   66.8  04:34    0.0   16.1   0.00    1.7   10.5  15:12    244
 07   76.9   93.0  19:58   61.6  06:47    0.0   11.9   0.00    1.9   12.3  15:34    260
 08   72.5   92.4  16:55   57.6  07:03    0.0    7.5   0.03    1.0   10.2  10:30    264
 09   73.7   92.9  18:29   54.4  06:42    0.0    8.7   0.00    0.9    9.2  10:11    259
 10   78.7   95.3  17:30   64.7  06:49    0.0   13.7   0.00    1.0    7.2  17:01    246
 11   79.6   99.1  18:14   60.9  07:01    0.0   14.6   0.00    1.2   11.7  16:45    255
 12   81.2  103.6  17:56   62.6  06:53    0.0   16.2   0.03    1.2    9.8  15:59    261
 13   82.8  103.2  18:52   64.7  07:12    0.0   17.8   0.11    1.3   11.0  15:45    261
 14   85.5   97.4  19:33   69.8  09:04    0.0   20.5   0.00    2.4   21.5  20:56    262
 15   77.1   95.1  18:12   61.0  06:36    0.0   12.1   0.01    1.9   13.3  20:27    264
 16   74.4   89.6  18:30   62.9  06:37    0.0    9.4   0.00    2.3   11.7  12:25    265
 17   75.5   92.3  18:28   58.4  06:56    0.0   10.5   0.00    1.2   11.7  18:22    257
 18   75.9   90.9  18:14   61.6  06:45    0.0   10.9   0.00    1.7   11.4  13:36    260
 19   70.4   84.7  19:40   57.5  07:19    0.0    5.4   0.00    2.6   15.3  10:57    264
 20   71.4   91.5  17:55   51.3  06:58    0.0    6.4   0.00    1.7   13.1  17:07    260
 21   76.5  102.0  18:42   54.2  07:05    0.0   11.5   0.00    1.1    9.5  09:51    266
 22   85.4  108.3  19:46   67.4  04:25    0.0   20.4   0.00    1.0    9.5  14:09    236
 23   81.4   95.5  17:45   72.4  07:11    0.0   16.4   0.02    1.3   17.0  18:52    259
 24   77.4   91.9  18:49   65.1  07:29    0.0   12.4   0.00    2.0   12.1  09:45    257
 25   74.7   96.9  17:49   53.4  06:54    0.0    9.7   0.00    1.4    9.3  11:45    261
 26   73.7   86.6  15:44   59.9  06:26    0.0    8.7   0.00    0.7    8.5  11:59    243
 27   78.5   99.2  19:04   59.8  06:52    0.0   13.5   0.00    1.0   10.3  11:38    255
 28   79.2   98.8  18:35   60.2  07:06    0.0   14.2   0.00    1.4   12.4  22:31    264
 29   80.8   99.2  17:56   67.4  07:26    0.0   15.8   0.03    1.5   13.3  14:41    266
 30   83.1  100.0  18:33   67.4  06:08    0.0   18.1   0.00    1.1   11.4  08:57    216
 31   80.4  101.3  18:50   61.6  07:03    0.0   15.4   0.00    1.1    9.1  11:25    263
---------------------------------------------------------------------------------------
      77.0  108.3     22   51.3     20    0.0  376.7   0.25    1.5   21.5     14    260
    
Updated: 08/01/2019 12:00:00 AM