South Meridian, Idaho

43° 33.05' N | 116° 21.16' W | 2687 feet | Show on map

Climate Summary for May 2019

08/20/2019 03:15:00 PM MDT

Station:WeatherFlow
Software:WeeWX v3.8.2
Weewx uptime:42 Days, 20 Hours, 31 Minutes
Server uptime:42 Days, 20 Hours, 29 Minutes

                   MONTHLY CLIMATOLOGICAL SUMMARY FOR May 2019


NAME: South Meridian, Idaho (CW9009)                  
ELEV: 2687 feet    LAT: 43-33.05 N    LONG: 116-21.16 W


                   TEMPERATURE (°F), RAIN (in), WIND SPEED (mph)

                                         HEAT   COOL         AVG
      MEAN                               DEG    DEG          WIND                   DOM
DAY   TEMP   HIGH   TIME    LOW   TIME   DAYS   DAYS   RAIN  SPEED   HIGH   TIME    DIR
---------------------------------------------------------------------------------------
 01   48.7   69.9  19:19   30.0  06:59   16.3    0.0   0.00    1.8   11.8  12:53    260
 02   53.6   69.9  16:25   36.7  07:00   11.4    0.0   0.00    2.1   15.9  16:08    251
 03   56.9   78.4  18:28   35.9  06:49    8.1    0.0   0.00    1.2    9.6  12:15    248
 04   60.4   78.9  17:54   41.5  06:38    4.6    0.0   0.00    1.6   10.9  16:04    240
 05   63.4   80.6  18:12   44.8  06:50    1.6    0.0   0.00    1.6   14.2  17:43    259
 06   63.8   80.1  17:27   47.4  05:59    1.2    0.0   0.00    2.8   21.1  16:19    263
 07   62.1   77.9  16:52   44.4  06:59    2.9    0.0   0.00    3.5   24.3  13:27    265
 08   63.0   77.3  17:21   49.2  06:49    2.0    0.0   0.00    3.1   17.2  11:21    265
 09   61.7   77.8  18:55   48.6  03:55    3.3    0.0   0.00    1.7   13.9  15:40    123
 10   61.5   79.6  18:06   43.8  05:27    3.5    0.0   0.00    2.0   11.9  17:48    227
 11   64.6   87.7  18:30   43.2  06:52    0.4    0.0   0.00    1.5   10.2  13:15    258
 12   68.3   89.6  19:28   47.3  06:58    0.0    3.3   0.00    1.4   13.0  17:18    241
 13   70.0   93.3  17:49   50.7  06:16    0.0    5.0   0.00    1.3    8.8  12:38    236
 14   70.7   90.6  16:20   56.1  06:55    0.0    5.7   0.00    1.7   15.1  19:07    263
 15   64.1   72.1  16:00   56.9  23:55    0.9    0.0   0.02    2.0   11.9  16:54    265
 16   54.3   59.1  11:47   49.9  23:56   10.7    0.0   0.31    2.1   15.8  12:06    251
 17   49.7   53.0  16:46   47.9  12:08   15.3    0.0   1.06    2.5   21.2  13:29    248
 18   57.5   75.9  17:48   44.6  06:36    7.5    0.0   0.00    1.8   15.1  08:45    260
 19   54.1   60.2  15:48   50.9  23:48   10.9    0.0   0.42    1.6   19.0  11:28    142
 20   54.6   69.2  17:51   49.0  04:53   10.4    0.0   0.39    2.2   12.1  20:03    260
 21   53.5   63.5  18:26   46.5  06:57   11.5    0.0   0.56    2.9   17.6  17:38    260
 22   54.3   66.3  13:04   47.1  06:02   10.7    0.0   0.14    2.4   14.3  00:01    214
 23   59.2   78.3  18:04   48.4  06:28    5.8    0.0   0.07    2.9   14.4  12:52    252
 24   55.4   69.5  13:02   46.7  06:35    9.6    0.0   0.19    1.8   14.4  14:18    213
 25   57.9   74.2  16:26   50.5  07:07    7.1    0.0   0.09    1.5   12.4  22:47    139
 26   59.3   79.4  15:40   49.2  04:02    5.7    0.0   0.03    1.4   12.9  16:55    126
 27   59.8   74.9  16:12   47.2  06:40    5.2    0.0   0.00    3.7   19.5  14:35    263
 28   64.9   81.8  17:22   53.0  05:45    0.1    0.0   0.17    3.8   18.5  09:35    262
 29   67.3   83.3  19:38   54.0  06:02    0.0    2.3   0.14    1.8   12.4  00:19    265
 30   64.9   77.4  14:29   56.6  06:25    0.1    0.0   0.16    1.4   11.8  13:57    260
 31   68.7   88.8  16:30   54.8  06:50    0.0    3.7   0.00    1.4   11.8  14:54    185
---------------------------------------------------------------------------------------
      60.3   93.3     13   30.0     01  166.7   20.0   3.75    2.1   24.3     07    253
    
Updated: 06/01/2019 12:00:00 AM