South Meridian, Idaho

43° 33.05' N | 116° 21.16' W | 2687 feet | Show on map

Climate Summary for April 2019

08/20/2019 03:08:00 PM MDT

Station:WeatherFlow
Software:WeeWX v3.8.2
Weewx uptime:42 Days, 20 Hours, 24 Minutes
Server uptime:42 Days, 20 Hours, 22 Minutes

                   MONTHLY CLIMATOLOGICAL SUMMARY FOR Apr 2019


NAME: South Meridian, Idaho (CW9009)                  
ELEV: 2687 feet    LAT: 43-33.05 N    LONG: 116-21.16 W


                   TEMPERATURE (°F), RAIN (in), WIND SPEED (mph)

                                         HEAT   COOL         AVG
      MEAN                               DEG    DEG          WIND                   DOM
DAY   TEMP   HIGH   TIME    LOW   TIME   DAYS   DAYS   RAIN  SPEED   HIGH   TIME    DIR
---------------------------------------------------------------------------------------
 01   51.4   62.7  14:51   39.9  04:12   13.6    0.0   0.00    1.7   14.1  06:10    110
 02   50.5   55.2  12:24   47.5  07:33   14.5    0.0   0.31    1.3   12.9  12:26    119
 03   51.8   62.7  14:41   46.5  07:33   13.2    0.0   0.05    1.1   10.6  16:02    147
 04   55.8   70.3  14:56   45.2  01:39    9.2    0.0   0.00    1.5    9.8  17:25    161
 05   55.5   67.9  16:11   48.5  08:16    9.5    0.0   0.15    1.6   21.9  23:19    142
 06   49.3   58.8  15:48   37.6  07:02   15.7    0.0   0.04    2.4   16.3  12:46    112
 07   56.1   64.8  14:33   49.0  05:36    8.9    0.0   0.35    2.4   15.5  10:25    112
 08   57.0   69.0  14:07   52.4  23:57    8.0    0.0   0.57    1.7   13.7  16:08    127
 09   48.7   56.0  14:37   43.5  23:48   16.3    0.0   0.14    5.0   29.5  17:26    263
 10   46.6   55.7  17:33   40.4  08:40   18.4    0.0   0.00    6.6   30.4  13:45    262
 11   46.4   55.0  15:25   41.6  06:16   18.6    0.0   0.07    3.0   23.0  16:13    263
 12   46.0   60.3  16:15   34.6  07:40   19.0    0.0   0.00    2.5   18.4  15:50    262
 13   51.4   69.3  17:22   35.7  07:26   13.6    0.0   0.16    1.5   15.1  21:55    195
 14   48.5   55.7  15:52   41.3  23:59   16.5    0.0   0.59    2.8   19.8  17:10    261
 15   48.3   59.6  17:45   40.2  07:08   16.7    0.0   0.27    1.6   12.4  20:41    187
 16   50.9   60.7  18:20   43.0  06:42   14.1    0.0   0.10    2.6   19.6  14:56    263
 17   51.4   65.9  18:47   37.9  05:06   13.6    0.0   0.00    2.0   18.4  11:27    260
 18   56.9   77.9  19:33   38.1  07:22    8.1    0.0   0.00    1.1   11.5  11:03    253
 19   66.8   86.0  16:15   48.1  07:32    0.0    1.8   0.00    1.9   12.9  20:57    117
 20   58.0   66.7  12:07   50.2  23:58    7.0    0.0   0.08    3.7   23.5  15:54    263
 21   56.2   68.1  17:21   48.4  07:34    8.8    0.0   0.00    6.7   27.6  15:18    265
 22   56.4   72.0  19:37   40.9  07:17    8.6    0.0   0.00    2.9   18.5  00:49    260
 23   60.3   78.0  19:13   44.0  07:06    4.7    0.0   0.03    1.9   15.4  14:52    263
 24   59.7   73.0  17:23   47.8  07:22    5.3    0.0   0.00    1.9   15.5  14:07    259
 25   58.8   80.3  18:07   38.2  07:03    6.2    0.0   0.00    0.9   10.5  10:06    231
 26   58.5   70.5  17:23   47.2  07:08    6.5    0.0   0.00    2.6   17.3  13:51    263
 27   54.8   72.2  16:46   38.1  06:44   10.2    0.0   0.00    3.0   27.8  22:49    269
 28   46.8   59.8  18:17   34.7  07:20   18.2    0.0   0.00    4.3   25.2  00:14    262
 29   47.4   60.8  16:48   33.2  07:05   17.6    0.0   0.00    2.3   18.2  16:18    252
 30   47.2   60.5  18:31   35.3  06:48   17.8    0.0   0.00    3.3   31.4  16:52    263
---------------------------------------------------------------------------------------
      53.1   86.0     19   33.2     29  358.4    1.8   2.92    2.6   31.4     30    255
    
Updated: 05/01/2019 12:00:00 AM