South Meridian, Idaho

43° 33.05' N | 116° 21.16' W | 2687 feet | Show on map

Climate Summary for February 2019

12/11/2019 08:29:00 PM MST

Station:WeatherFlow
Software:WeeWX v3.8.2
Weewx uptime:156 Days, 2 Hours, 45 Minutes
Server uptime:156 Days, 2 Hours, 43 Minutes

                   MONTHLY CLIMATOLOGICAL SUMMARY FOR Feb 2019


NAME: South Meridian, Idaho (CW9009)                  
ELEV: 2687 feet    LAT: 43-33.05 N    LONG: 116-21.16 W


                   TEMPERATURE (°F), RAIN (in), WIND SPEED (mph)

                                         HEAT   COOL         AVG
      MEAN                               DEG    DEG          WIND                   DOM
DAY   TEMP   HIGH   TIME    LOW   TIME   DAYS   DAYS   RAIN  SPEED   HIGH   TIME    DIR
---------------------------------------------------------------------------------------
 01   36.4   51.7  14:22   26.1  05:52   28.6    0.0   0.00    1.5   11.3  14:26    255
 02   41.4   49.7  15:10   35.8  02:08   23.6    0.0   0.51    1.5   15.5  22:47    214
 03   43.6   51.5  15:21   39.5  03:38   21.4    0.0   0.33    2.1   15.2  22:34    116
 04   41.1   47.1  14:04   34.9  23:06   23.9    0.0   0.21    2.9   20.0  13:16    112
 05   33.2   39.3  14:13   28.3  23:08   31.8    0.0   0.00    2.5   17.8  13:57    266
 06   27.5   33.0  14:36   19.8  23:58   37.5    0.0   0.00    4.4   17.1  12:59    264
 07   22.4   31.8  15:18   13.8  08:10   42.6    0.0   0.00    2.5   10.6  01:25    242
 08   26.2   35.6  13:51   17.9  07:28   38.8    0.0   0.00    2.8   11.9  11:28    102
 09   33.4   37.7  16:40   29.2  00:00   31.6    0.0   0.00    3.9   20.3  23:41    110
 10   31.0   37.1  00:27   26.0  08:54   34.0    0.0   0.00    2.7   21.3  01:21    264
 11   31.5   36.3  17:04   26.5  07:55   33.5    0.0   0.00    2.3   11.4  17:42    106
 12   34.8   41.7  14:30   26.3  08:15   30.2    0.0   0.01    2.7   18.4  14:55    109
 13   36.5   37.7  14:20   35.0  04:22   28.5    0.0   1.03    2.9   20.6  11:47    105
 14   42.6   53.3  14:02   35.8  00:25   22.4    0.0   0.63    3.1   19.6  17:54    110
 15   39.2   43.8  13:32   33.0  23:13   25.8    0.0   0.04    1.9   13.2  13:15    254
 16   35.1   44.8  14:07   30.1  04:46   29.9    0.0   0.02    1.2   11.8  11:19    148
 17   33.0   38.7  13:06   28.0  23:59   32.0    0.0   0.00    1.6   13.7  01:03    259
 18   29.1   35.7  13:47   24.9  23:49   35.9    0.0   0.00    3.5   17.6  13:30    263
 19   27.9   35.9  14:15   19.9  06:49   37.1    0.0   0.00    1.6    9.1  00:24    259
 20   31.1   38.5  16:32   23.9  21:48   33.9    0.0   0.00    1.4   14.1  13:27    309
 21   29.6   35.3  11:54   22.2  23:16   35.4    0.0   0.00    1.9   12.1  16:02    287
 22   25.4   36.9  14:42   12.1  07:14   39.6    0.0   0.00    1.7    6.5  00:19    213
 23   33.7   40.8  13:05   28.7  03:09   31.3    0.0   0.00    1.9   11.8  09:52    110
 24   38.3   42.9  21:18   34.1  04:43   26.7    0.0   0.11    2.5   24.4  12:21    108
 25   43.8   50.6  18:32   38.7  08:04   21.2    0.0   0.10    2.8   18.6  19:29    118
 26   35.0   45.6  00:00   30.6  21:33   30.0    0.0   0.09    2.5   13.3  06:28    264
 27   36.6   45.4  14:43   30.7  00:01   28.4    0.0   0.11    1.8   12.2  18:43    264
 28   40.4   48.5  15:26   29.5  23:58   24.6    0.0   0.09    2.7   17.0  17:12    252
---------------------------------------------------------------------------------------
      34.3   53.3     14   12.1     22  860.3    0.0   3.27    2.4   24.4     24    203
    
Updated: 03/01/2019 12:00:00 AM