South Meridian, Idaho

43° 33.05' N | 116° 21.16' W | 2687 feet | Show on map

Climate Summary for December 2018

02/18/2019 06:55:00 AM MST

Station:WeatherFlow
Software:WeeWX v3.8.2
Weewx uptime:113 Days, 20 Hours, 47 Minutes
Server uptime:113 Days, 20 Hours, 43 Minutes

                   MONTHLY CLIMATOLOGICAL SUMMARY FOR Dec 2018


NAME: South Meridian, Idaho (CW9009)                  
ELEV: 2687 feet    LAT: 43-33.05 N    LONG: 116-21.16 W


                   TEMPERATURE (°F), RAIN (in), WIND SPEED (mph)

                                         HEAT   COOL         AVG
      MEAN                               DEG    DEG          WIND                   DOM
DAY   TEMP   HIGH   TIME    LOW   TIME   DAYS   DAYS   RAIN  SPEED   HIGH   TIME    DIR
---------------------------------------------------------------------------------------
 01   35.7   39.4  11:48   33.7  06:03   29.3    0.0   0.16    1.8   15.7  10:31    129
 02   33.7   38.8  16:40   30.3  23:56   31.3    0.0   0.00    2.0    9.3  06:51    272
 03   30.3   39.2  15:23   22.2  23:59   34.7    0.0   0.00    1.1    4.6  14:25    277
 04   23.8   33.2  13:48   17.6  06:40   41.2    0.0   0.00    2.1    7.7  08:18    321
 05   20.3   30.9  14:14   14.1  23:54   44.7    0.0   0.00    2.5    5.5  11:31    218
 06   19.0   29.5  14:20   11.4  07:51   46.0    0.0   0.00    2.6    6.6  06:07    241
 07   21.8   30.9  15:06   13.9  08:36   43.2    0.0   0.00    2.3    5.8  16:01    245
 08   26.2   32.0  14:27   19.1  07:27   38.8    0.0   0.00    1.6    6.0  15:16    270
 09   32.2   39.0  15:04   28.4  08:27   32.8    0.0   0.00    2.2   11.3  11:58    111
 10   31.2   37.1  13:57   26.0  06:16   33.8    0.0   0.00    1.5    5.7  14:27    267
 11   34.0   37.4  12:14   29.9  07:09   31.0    0.0   0.01    2.2   16.2  20:36    139
 12   35.5   43.5  13:36   25.7  23:58   29.5    0.0   0.06    2.4   21.2  14:12    248
 13   30.9   40.2  14:25   25.5  08:30   34.1    0.0   0.00    2.0   11.2  13:35    112
 14   33.4   40.6  13:07   25.3  03:18   31.6    0.0   0.00    4.1   26.8  19:58    111
 15   36.7   42.9  15:12   30.8  05:02   28.3    0.0   0.00    1.6   11.4  12:45    129
 16   39.2   45.8  13:44   32.6  01:43   25.8    0.0   0.00    2.8   16.5  10:48    112
 17   41.0   48.5  15:36   37.6  05:56   24.0    0.0   0.32    1.1   11.9  21:21    206
 18   41.9   48.1  14:54   36.3  02:40   23.1    0.0   0.27    2.1   14.5  15:47    116
 19   39.5   49.5  13:11   32.1  08:28   25.5    0.0   0.00    0.8    9.7  01:41    220
 20   40.5   49.7  14:43   31.3  08:33   24.5    0.0   0.00    2.5   14.4  12:52    114
 21   36.2   42.0  13:38   28.6  23:58   28.8    0.0   0.02    2.2   17.5  01:16    265
 22   30.0   39.1  14:42   20.8  08:14   35.0    0.0   0.00    1.4    8.4  23:04    252
 23   34.1   35.8  12:59   31.7  00:15   30.9    0.0   0.04    1.8   15.6  11:39    112
 24   37.2   44.3  14:43   34.1  05:01   27.8    0.0   0.14    1.3    9.1  04:42    182
 25   35.9   42.3  14:42   29.6  23:59   29.1    0.0   0.01    4.0   21.5  16:35    262
 26   31.1   39.4  15:06   23.3  08:21   33.9    0.0   0.00    1.4   11.0  01:07    265
 27   30.8   35.9  15:09   26.7  23:39   34.2    0.0   0.00    2.7   15.0  16:00    268
 28   27.7   34.4  13:47   22.0  08:52   37.3    0.0   0.00    2.7   13.1  13:10    263
 29   32.1   37.0  15:48   29.1  00:26   32.9    0.0   0.00    0.8    7.4  11:07    225
 30   35.5   41.4  13:59   30.2  23:56   29.5    0.0   0.02    3.3   21.1  13:37    257
 31   28.9   36.5  14:29   22.1  23:57   36.1    0.0   0.00    3.3   15.0  14:28    263
---------------------------------------------------------------------------------------
      32.5   49.7     20   11.4     06 1008.8    0.0   1.06    2.1   26.8     14    233
    
Updated: 01/01/2019 12:00:00 AM