South Meridian, Idaho

43° 33.05' N | 116° 21.16' W | 2687 feet | Show on map

Climate Summary for September 2018

11/13/2018 12:51:00 PM MST

Station:WeatherFlow
Software:WeeWX v3.8.2
Weewx uptime:17 Days, 2 Hours, 43 Minutes
Server uptime:17 Days, 2 Hours, 39 Minutes

                   MONTHLY CLIMATOLOGICAL SUMMARY FOR Sep 2018


NAME: South Meridian, Idaho                  
ELEV: 2687 feet    LAT: 43-33.05 N    LONG: 116-21.16 W


                   TEMPERATURE (°F), RAIN (in), WIND SPEED (mph)

                                         HEAT   COOL         AVG
      MEAN                               DEG    DEG          WIND                   DOM
DAY   TEMP   HIGH   TIME    LOW   TIME   DAYS   DAYS   RAIN  SPEED   HIGH   TIME    DIR
---------------------------------------------------------------------------------------
 01   64.5   83.4  18:12   47.1  07:25    0.5    0.0   0.00    1.6   13.7  14:48    252
 02   65.7   85.5  17:31   47.6  07:37    0.0    0.7   0.00    1.4   13.3  15:19    239
 03   67.2   88.4  17:49   47.2  07:35    0.0    2.2   0.00    1.3   12.0  16:16    247
 04   68.6   88.1  17:25   52.0  07:40    0.0    3.6   0.00    1.5   12.1  12:53    258
 05   71.7   95.8  15:41   51.7  07:41    0.0    6.7   0.00    1.4   14.3  05:31    190
 06   76.6   95.4  17:32   60.5  08:22    0.0   11.6   0.00    1.2    9.8  13:13    245
 07   74.3   90.7  16:34   57.1  07:43    0.0    9.3   0.00    1.1   15.9  22:13    259
 08   72.1   84.8  16:40   60.8  23:58    0.0    7.1   0.00    1.9   18.6  09:00    258
 09   65.8   85.2  18:31   48.9  07:34    0.0    0.8   0.00    1.2   11.0  06:11    222
 10   65.9   83.0  16:37   49.4  07:30    0.0    0.9   0.00    1.1   11.3  04:06    191
 11   61.7   72.0  15:44   51.7  07:58    3.3    0.0   0.00    2.2   11.7  12:40    257
 12   59.2   70.7  16:52   48.1  07:10    5.8    0.0   0.00    2.4   15.8  12:43    257
 13   61.9   74.2  17:31   51.5  08:59    3.1    0.0   0.00    1.7   14.9  13:16    248
 14   61.9   84.5  17:52   44.6  07:18    3.1    0.0   0.00    1.0    9.7  13:28    221
 15   61.3   75.5  17:47   53.5  05:25    3.7    0.0   0.00    1.1   18.3  14:31    183
 16   61.6   77.0  16:48   48.4  07:55    3.4    0.0   0.00    1.3    8.7  00:07    169
 17   57.7   77.5  17:11   42.1  07:25    7.3    0.0   0.00    1.4    8.1  10:08    251
 18   57.5   60.7  22:01   52.4  00:00    7.5    0.0   0.00    0.7    5.3  22:25    261
 19   58.8   74.1  17:22   44.1  07:56    6.2    0.0   0.00    2.2   14.8  15:53    258
 20   57.8   73.0  17:10   41.6  07:46    7.2    0.0   0.00    1.8   16.0  01:45    251
 21   61.5   83.0  17:18   41.5  07:56    3.5    0.0   0.00    1.1   11.2  13:24    168
 22   66.8   82.6  15:19   52.1  07:46    0.0    1.8   0.00    1.5    9.2  18:55    232
 23   60.4   69.7  16:28   50.2  23:59    4.6    0.0   0.00    2.8   17.9  13:43    258
 24   53.3   67.9  17:27   38.2  08:10   11.7    0.0   0.00    2.4   16.8  16:45    259
 25   54.5   70.8  16:27   39.3  08:08   10.5    0.0   0.00    1.5   11.8  11:20    253
 26   55.0   74.0  17:07   38.2  07:40   10.0    0.0   0.00    1.2    8.8  15:52    244
 27   58.8   80.0  17:17   41.5  07:51    6.2    0.0   0.00    1.2    8.5  10:45    238
 28   60.4   79.1  16:47   45.0  07:29    4.6    0.0   0.00    1.1    6.8  10:05    217
 29   61.9   79.6  17:11   47.2  05:59    3.1    0.0   0.00    0.8    6.5  02:46    196
 30   61.2   72.2  16:01   50.3  23:59    3.8    0.0   0.02    1.5   11.1  12:36    253
---------------------------------------------------------------------------------------
      62.4   95.8     05   38.2     26  109.1   44.7   0.02    1.5   18.6     08    248
    
Updated: 10/01/2018 12:00:00 AM